 u(i) = 2*i**2 - 2*i - 12. What is the units digit of u(v)?
8
Let o(j) = 10*j**2 + 125*j + 19. Let z be o(-22). Let t = z + -758. What is the tens digit of t?
5
Let g = -451 + 448. What is the tens digit of (-3)/g*(0 - (-748 + -2))?
5
Suppose -66180 = -20*a + 37154 + 35706. What is the tens digit of a?
5
What is the ten thousands digit of (-5)/((2/(-12644)*(-24)/(-12))/1)?
1
Suppose 10*g + 100 = 15*g - m, 5*g - 95 = 2*m. Let y(c) = 39 + 6*c - 2*c + 0*c. What is the hundreds digit of y(g)?
1
Let d be (-1)/1 + (-12*346)/(-12). Let g = 183 + d. What is the hundreds digit of g?
5
Let j = 21630 + 1836. What is the thousands digit of j?
3
Let u(w) = 255*w - 1. Let d be u(0). Suppose 0 = -4*h + 4*b - 840, 3*h + 2*b + 628 = 4*b. What is the tens digit of d/(-7) - (-1)/((-14)/h)?
1
Let x(z) be the second derivative of 67*z**3/2 - 28*z**2 + 78*z. What is the hundreds digit of x(4)?
7
Let q(f) = -43*f + 70. Let y be q(2). What is the hundreds digit of y/32 - (-2909)/2?
4
Suppose -66 = 8*s - 82. What is the units digit of 116864/1024 - s/16?
4
Suppose -6*v + 183 = -3*v. Let f = v - 58. Suppose 6 = 2*i - 4*j, 0*j = 5*i + f*j - 15. What is the units digit of i?
3
Let s be 2605 - (-5 + -1 + 0). What is the units digit of (-71)/213 + s/3?
0
What is the units digit of (-7)/3*-3 - (-5672 + 53)?
6
Suppose l + 4*a - 1391 = -0*l, -4*l - a + 5519 = 0. Suppose 0 = 6*o - o - 5, 0 = 3*z - o - l. What is the hundreds digit of z?
4
Let n be (16/8)/(1/2). Suppose 22*v = 19*v + 4*m + 102, 4*m - 164 = -n*v. What is the tens digit of v?
3
Suppose -5*n + 272007 = 25*n - 34833. What is the hundreds digit of n?
2
Let j(f) = f**3 - 8*f**2 - 19*f + 1. Let h be j(10). Suppose -7919 = -h*c + 727. What is the units digit of c?
6
Let r = 102 + -101. What is the hundreds digit of r + (682 - 0) - 1?
6
Suppose 0 = 2*z - 9*z + 29526 - 27454. What is the tens digit of z?
9
Let z(d) = -6935*d**3 + 3*d**2 - 183*d - 183. What is the hundreds digit of z(-1)?
9
Let i = 2996 - 981. Suppose -7*q = 6*q + i. Let t = q - -372. What is the hundreds digit of t?
2
Suppose 0 = 2*i - 3*i - 3. Let j = -361 - -373. What is the tens digit of 351/j + i/(-4)?
3
Let j(n) = -3*n**3 - n**2 - n - 1. Let u be j(-1). Suppose -t - 31 = -u*z + 4*t, -3*z + 5*t + 39 = 0. What is the units digit of z?
8
Suppose -22*g + 20*g = -6, 10*t - 2*g - 588414 = 0. What is the hundreds digit of t?
8
Let n(x) = 124*x + 706. What is the units digit of n(36)?
0
Suppose -7*m + 12200 = 4*f - 11*m, f - 2*m - 3045 = 0. Let q = -1639 + f. What is the tens digit of q?
1
Let y be 3/6*-14*-5. Let x be ((4 - 4)/(-5))/1. Let c = y + x. What is the units digit of c?
5
Let r = 1409 + -1405. Let q be -13 - 2/(-1) - 1. What is the units digit of 1/r*-23*q?
9
Let b(h) = 198*h**2 - 144*h + 1069. What is the thousands digit of b(7)?
9
Let q = -18 - -5462. What is the units digit of q?
4
Let y = -18 - 0. What is the tens digit of 0 - (4/y - 5558/18)?
0
Suppose 5*x = -4*s + 6*s - 10, -3*s - 3*x - 6 = 0. Suppose -62*o + 60*o + 1402 = s. What is the tens digit of o?
0
Suppose 120*u - 18486 = 20034. What is the tens digit of u?
2
Let r(n) = -3*n**3 - n**2 - 6*n + 32. Let w be r(-11). Suppose 39*a = 49*a - w. What is the tens digit of a?
9
What is the tens digit of (50/1275*17)/((1 - 0)/9012)?
0
Let g be -9*3/(-9) + 7. Let o = g - -1. Suppose -14 = -s + 4*y, -y - o = 2*s + 4*y. What is the units digit of s?
2
Let a(j) = 6*j**3 - j**2 + 5*j - 3. Let z = -3 + 7. Let w(u) = -u**3 + u - 1. Let m(r) = z*w(r) - a(r). What is the units digit of m(-1)?
1
Let p be (-2 + -18)/(-2)*(-14 + 20). Suppose p = 4*r - 28. What is the units digit of r?
2
Let b = -3231 - -32544. What is the tens digit of b?
1
Suppose 0 = 2*b + 3*a - 33, -8*a = b - 3*a - 27. Let v be 4*12/16 - b/(-2). Suppose 0 = 13*r - v*r - 340. What is the tens digit of r?
8
Let i(r) = r**3 + 11*r**2 - 15. Let u(w) = 5*w**3 + 44*w**2 + 2*w - 61. Let k(q) = -9*i(q) + 2*u(q). What is the tens digit of k(13)?
0
Let n(x) = 25*x. Let l be n(0). Suppose 380 = 10*a - l*a. What is the tens digit of a?
3
Let m(z) = 19*z + 55. Suppose q + 5*q - 72 = 0. What is the hundreds digit of m(q)?
2
Let y be 59/3 - (14/(-6) + 3). Let b = 70 - y. Let z = 119 + b. What is the units digit of z?
0
Let x(b) = 111*b**2 - 3*b - 3. Let o be 0 + (4/(-8))/(2/4). What is the hundreds digit of x(o)?
1
Let u(p) = -149*p + 2192. What is the hundreds digit of u(-9)?
5
Let w = 2501 - -3265. What is the thousands digit of w?
5
What is the thousands digit of (42/(-24))/(8/(-59872))?
3
What is the ten thousands digit of (-44)/(-20) + 2 + 924378/35?
2
Suppose 3991876 = 127*u + 22*u + 1401213. What is the units digit of u?
7
Let q(c) = -c + 17. Let t = 97 - 80. Let u be q(t). Suppose -9*f + 4*f + i + 1104 = u, 0 = -5*f - 2*i + 1107. What is the hundreds digit of f?
2
Let w(z) = -z**3 + 5*z**2 + 6*z + 3. Let g be w(6). Let o be 68 - (10/(-5) + g). Suppose p - o = 42. What is the tens digit of p?
0
Suppose 28982 = 171*l - 149200. What is the thousands digit of l?
1
Let y = 3749 + 30128. What is the hundreds digit of y?
8
Suppose -2*q + j + 488 = -199, 2*j = -6. Suppose 6*p = -0*p + q. What is the units digit of p?
7
Suppose -p + 4*q + 34864 = 3986, -p - 3*q = -30892. What is the units digit of p?
6
Suppose 4*i = -4*g + 25874 + 23698, 5*g = i - 12435. What is the hundreds digit of i?
4
Let k(u) = -291*u + 470. What is the units digit of k(-21)?
1
Let f(u) be the first derivative of -96*u**2 - 41*u - 48. What is the tens digit of f(-3)?
3
What is the tens digit of ((-2492217)/(-12))/7 - (-10 - (-328)/32)?
6
Suppose 2*d = -d + 243. Suppose 0 = -2*k - 91 - d. Let y = k + 243. What is the tens digit of y?
5
Let x be 1/(-4*4/(-352)). Suppose 4*g + x = 6. What is the units digit of 154/4 - 2/g?
9
Suppose 0*r + 170*r - 2624257 = 8206443. What is the ten thousands digit of r?
6
Let q(x) = 45*x**2 + 112*x - 3. What is the units digit of q(-31)?
0
Suppose 6*d - 13*d = -175. Suppose 28*u = d*u + 888. What is the tens digit of u?
9
Let l(k) = 14*k**3 + 16*k**2 - 7*k + 7. What is the tens digit of l(9)?
4
Let s(p) = -1412*p + 4. What is the hundreds digit of s(-35)?
4
Let d(q) = 4236*q**2 + 14*q - 45. What is the thousands digit of d(3)?
8
Let b be ((-20)/12)/((-1)/12). Let l(c) = -6*c + b*c - 3*c - 49 + 0*c. What is the tens digit of l(18)?
4
Suppose -275335 = -26*c + 534851. What is the hundreds digit of c?
1
Suppose f + 3*x - 13 = 0, 3*f + 5*x - 79 = 6*x. Let c be ((-11680)/f)/(-8)*(-5)/(-2). Suppose 5*b + y = 242, 2*b + y - c = -b. What is the units digit of b?
8
Let l(q) = -13*q - 18. Let j be 2/16 + 253/88. Suppose -2*b - 16 = 12*u - 10*u, -4*b + 3 = -j*u. What is the units digit of l(u)?
7
Suppose -4*x = -14 + 2. Suppose 4*f = 2*u + 3280, x*f - u = 1225 + 1234. What is the tens digit of f?
1
Let j(u) = -u**3 - 3*u**2 + u - 1. Let m(t) = -4*t**3 - 19*t**2 + 3*t. Let i(c) = -2*j(c) + m(c). What is the thousands digit of i(-11)?
1
Let b = 708 + -316. Let c be 0/(7 - (-1 - -6)). Suppose -4*v = -b - c. What is the units digit of v?
8
Suppose -9*r = -11*r + 10. Suppose 4*t = w - 186 - 942, r*t - 20 = 0. Suppose 0 = -21*x + 29*x - w. What is the hundreds digit of x?
1
Suppose g - 319 = 2*t - 3*t, 5*g = -t + 1587. Suppose 6*d - 781 = g. What is the units digit of d?
3
Let l(a) = -68*a - 236. Let n(k) = -23*k - 79. Let m(d) = 3*l(d) - 10*n(d). What is the hundreds digit of m(9)?
3
Let k be -1 - (-3)/(15/(-5)). Let i be -22 + k/8*0. Let v = 36 - i. What is the tens digit of v?
5
Let b(k) be the third derivative of k**5/30 + 5*k**4/24 + 25*k**3/2 - 153*k**2. What is the tens digit of b(0)?
7
Suppose 5*s + 613 - 4528 = 5*x, -4*s - 3*x = -3097. Suppose -14*y = -s - 2162. What is the tens digit of y?
1
Suppose 68*r + g = 69*r - 77635, -5*g + 310459 = 4*r. What is the ten thousands digit of r?
7
Let c(y) = 12 + 2*y - 4*y**2 - 11 + 2304*y**3 - 1551*y**3. What is the tens digit of c(1)?
5
Suppose 0 = r + 5*o - 54515, -260793 + 42577 = -4*r + 6*o. What is the hundreds digit of r?
5
Let z(n) = 132*n**2 - n - 2. Let b be z(-1). Let p = b + -51. Let j = p - 23. What is the tens digit of j?
5
Suppose 12*r - 19127 = 13369. What is the hundreds digit of r?
7
Let y = -20 - -16. Let d(s) = -92*s + 11. Let c be d(y). Let j = -226 + c. What is the hundreds digit of j?
1
Let t 